{"id":1774,"date":"2025-03-05T09:51:30","date_gmt":"2025-03-05T09:51:30","guid":{"rendered":"https:\/\/www.flcegos.pt\/web\/?page_id=1774"},"modified":"2025-09-15T09:27:20","modified_gmt":"2025-09-15T09:27:20","slug":"ser-irmao","status":"publish","type":"page","link":"https:\/\/www.flcegos.pt\/web\/ser-irmao\/","title":{"rendered":"Ser Irm\u00e3o"},"content":{"rendered":"\t\t<div data-elementor-type=\"wp-page\" data-elementor-id=\"1774\" class=\"elementor elementor-1774\">\n\t\t\t\t<div class=\"elementor-element elementor-element-53a03bc e-flex e-con-boxed wpr-particle-no wpr-jarallax-no wpr-parallax-no wpr-sticky-section-no wpr-equal-height-no e-con e-parent\" data-id=\"53a03bc\" data-element_type=\"container\" data-e-type=\"container\" data-settings=\"{&quot;background_background&quot;:&quot;classic&quot;,&quot;shape_divider_bottom&quot;:&quot;curve&quot;,&quot;shape_divider_bottom_negative&quot;:&quot;yes&quot;}\">\n\t\t\t\t\t<div class=\"e-con-inner\">\n\t\t\t\t<div class=\"elementor-shape elementor-shape-bottom\" aria-hidden=\"true\" data-negative=\"true\">\n\t\t\t<svg xmlns=\"http:\/\/www.w3.org\/2000\/svg\" viewBox=\"0 0 1000 100\" preserveAspectRatio=\"none\">\n\t<path class=\"elementor-shape-fill\" d=\"M500,97C126.7,96.3,0.8,19.8,0,0v100l1000,0V1C1000,19.4,873.3,97.8,500,97z\"\/>\n<\/svg>\t\t<\/div>\n\t\t\t\t<div class=\"elementor-element elementor-element-67765f6 elementor-invisible elementor-widget elementor-widget-heading\" data-id=\"67765f6\" data-element_type=\"widget\" data-e-type=\"widget\" data-settings=\"{&quot;_animation&quot;:&quot;fadeIn&quot;}\" data-widget_type=\"heading.default\">\n\t\t\t\t<div class=\"elementor-widget-container\">\n\t\t\t\t\t<h2 class=\"elementor-heading-title elementor-size-default\">SER IRM\u00c3O<\/h2>\t\t\t\t<\/div>\n\t\t\t\t<\/div>\n\t\t\t\t\t<\/div>\n\t\t\t\t<\/div>\n\t\t<div class=\"elementor-element elementor-element-dfec0bd e-flex e-con-boxed wpr-particle-no wpr-jarallax-no wpr-parallax-no wpr-sticky-section-no wpr-equal-height-no e-con e-parent\" data-id=\"dfec0bd\" data-element_type=\"container\" data-e-type=\"container\">\n\t\t\t\t\t<div class=\"e-con-inner\">\n\t\t\t\t<div class=\"elementor-element elementor-element-faa5c22 elementor-widget elementor-widget-spacer\" data-id=\"faa5c22\" data-element_type=\"widget\" data-e-type=\"widget\" data-widget_type=\"spacer.default\">\n\t\t\t\t<div class=\"elementor-widget-container\">\n\t\t\t\t\t\t\t<div class=\"elementor-spacer\">\n\t\t\t<div class=\"elementor-spacer-inner\"><\/div>\n\t\t<\/div>\n\t\t\t\t\t\t<\/div>\n\t\t\t\t<\/div>\n\t\t\t\t\t<\/div>\n\t\t\t\t<\/div>\n\t\t<div class=\"elementor-element elementor-element-1882baf e-flex e-con-boxed wpr-particle-no wpr-jarallax-no wpr-parallax-no wpr-sticky-section-no wpr-equal-height-no e-con e-parent\" data-id=\"1882baf\" data-element_type=\"container\" data-e-type=\"container\">\n\t\t\t\t\t<div class=\"e-con-inner\">\n\t\t\t\t<div class=\"elementor-element elementor-element-3480676 elementor-widget elementor-widget-text-editor\" data-id=\"3480676\" data-element_type=\"widget\" data-e-type=\"widget\" data-widget_type=\"text-editor.default\">\n\t\t\t\t<div class=\"elementor-widget-container\">\n\t\t\t\t\t\t\t\t\t<div class=\"wpb_column vc_column_container vc_col-sm-8\"><div class=\"vc_column-inner \"><div class=\"wpb_wrapper\"><div class=\"wpb_text_column wpb_content_element \"><div class=\"wpb_wrapper\"><p><img fetchpriority=\"high\" decoding=\"async\" class=\"size-full wp-image-5557 alignright\" src=\"https:\/\/www.flcegos.pt\/web\/wp-content\/uploads\/2025\/09\/Imagem3.png\" alt=\"\" width=\"211\" height=\"300\" \/><\/p><p>Dos Estatutos da Real Irmandade de Nossa Senhora da Sa\u00fade e de S\u00e3o Sebasti\u00e3o, de 14 de abril de 2008, extrai-se o seguinte:<\/p><ul><li>\u00a0Poder\u00e3o ser admitidos como Irm\u00e3os pessoas de ambos os sexos, em plena comunh\u00e3o de f\u00e9 com a Igreja Cat\u00f3lica e que sejam dotados de bons costumes, reconhecida probidade e outras qualidades pr\u00f3prias de uma vida crist\u00e3 (\u00a71.\u00ba do Art.\u00ba 6);<\/li><\/ul><ul><li>A admiss\u00e3o faz-se por resolu\u00e7\u00e3o da Mesa Administrativa da Irmandade mediante proposta de qualquer irm\u00e3o, feita em impresso pr\u00f3prio, dirigida \u00e0 Mesa, que ser\u00e1 depois assinado pelo Provedor e representante da Autoridade Eclesi\u00e1stica. Da proposta constar\u00e1 que candidato n\u00e3o se encontra abrangido pelas raz\u00f5es de exclus\u00e3o do par\u00e1grafo 4 deste Artigo, em documento passado pelo p\u00e1roco do pr\u00f3prio candidato (\u00a72.\u00ba do Art.\u00ba 6);<\/li><\/ul><ul><li>N\u00e3o podem ser admitidos como Irm\u00e3os os fi\u00e9is que se encontrem nas situa\u00e7\u00f5es previstas nos par\u00e1grafos 2 e 3 do Art.\u00ba 36 das Normas para Regulamenta\u00e7\u00e3o das Associa\u00e7\u00f5es de Fi\u00e9is (\u00a74.\u00ba do Art.\u00ba 6).<\/li><\/ul><p><strong><a href=\"https:\/\/www.flcegos.pt\/web\/wp-content\/uploads\/2025\/03\/Proposta-Irmao.pdf\">Descarregar a Proposta de Irm\u00e3o<\/a><\/strong><\/p><\/div><\/div><\/div><\/div><\/div><div class=\"wpb_column vc_column_container vc_col-sm-4\"><div class=\"vc_column-inner \"><div class=\"wpb_wrapper\"><div class=\"wpb_single_image wpb_content_element vc_align_center\"><figure class=\"wpb_wrapper vc_figure\"><div class=\"vc_single_image-wrapper vc_box_outline vc_box_border_grey\">\u00a0<\/div><\/figure><\/div><\/div><\/div><\/div>\t\t\t\t\t\t\t\t<\/div>\n\t\t\t\t<\/div>\n\t\t\t\t\t<\/div>\n\t\t\t\t<\/div>\n\t\t<div class=\"elementor-element elementor-element-4535048 e-flex e-con-boxed wpr-particle-no wpr-jarallax-no wpr-parallax-no wpr-sticky-section-no wpr-equal-height-no e-con e-parent\" data-id=\"4535048\" data-element_type=\"container\" data-e-type=\"container\">\n\t\t\t\t\t<div class=\"e-con-inner\">\n\t\t\t\t<div class=\"elementor-element elementor-element-57de20f elementor-widget elementor-widget-spacer\" data-id=\"57de20f\" data-element_type=\"widget\" data-e-type=\"widget\" data-widget_type=\"spacer.default\">\n\t\t\t\t<div class=\"elementor-widget-container\">\n\t\t\t\t\t\t\t<div class=\"elementor-spacer\">\n\t\t\t<div class=\"elementor-spacer-inner\"><\/div>\n\t\t<\/div>\n\t\t\t\t\t\t<\/div>\n\t\t\t\t<\/div>\n\t\t\t\t\t<\/div>\n\t\t\t\t<\/div>\n\t\t\t\t<\/div>\n\t\t","protected":false},"excerpt":{"rendered":"<p>SER IRM\u00c3O Dos Estatutos da Real Irmandade de Nossa Senhora da Sa\u00fade e de S\u00e3o Sebasti\u00e3o, de 14 de abril de 2008, extrai-se o seguinte: \u00a0Poder\u00e3o ser admitidos como Irm\u00e3os pessoas de ambos os sexos, em plena comunh\u00e3o de f\u00e9 com a Igreja Cat\u00f3lica e que sejam dotados de bons costumes, reconhecida probidade e outras qualidades pr\u00f3prias de uma vida crist\u00e3 (\u00a71.\u00ba do Art.\u00ba 6); A admiss\u00e3o faz-se por resolu\u00e7\u00e3o da Mesa Administrativa da Irmandade mediante proposta de qualquer irm\u00e3o, feita em impresso pr\u00f3prio, dirigida \u00e0 Mesa, que ser\u00e1 depois assinado pelo Provedor e representante da Autoridade Eclesi\u00e1stica. Da proposta constar\u00e1 que candidato n\u00e3o se encontra abrangido pelas raz\u00f5es de exclus\u00e3o do par\u00e1grafo 4 deste Artigo, em documento passado pelo p\u00e1roco do pr\u00f3prio candidato (\u00a72.\u00ba do Art.\u00ba 6); N\u00e3o podem ser admitidos como Irm\u00e3os os fi\u00e9is que se encontrem nas situa\u00e7\u00f5es previstas nos par\u00e1grafos 2 e 3 do Art.\u00ba 36 das Normas para Regulamenta\u00e7\u00e3o das Associa\u00e7\u00f5es de Fi\u00e9is (\u00a74.\u00ba do Art.\u00ba 6). Descarregar a Proposta de Irm\u00e3o \u00a0<\/p>\n","protected":false},"author":2,"featured_media":0,"parent":0,"menu_order":0,"comment_status":"closed","ping_status":"closed","template":"","meta":{"footnotes":""},"class_list":["post-1774","page","type-page","status-publish","hentry"],"_links":{"self":[{"href":"https:\/\/www.flcegos.pt\/web\/wp-json\/wp\/v2\/pages\/1774","targetHints":{"allow":["GET"]}}],"collection":[{"href":"https:\/\/www.flcegos.pt\/web\/wp-json\/wp\/v2\/pages"}],"about":[{"href":"https:\/\/www.flcegos.pt\/web\/wp-json\/wp\/v2\/types\/page"}],"author":[{"embeddable":true,"href":"https:\/\/www.flcegos.pt\/web\/wp-json\/wp\/v2\/users\/2"}],"replies":[{"embeddable":true,"href":"https:\/\/www.flcegos.pt\/web\/wp-json\/wp\/v2\/comments?post=1774"}],"version-history":[{"count":3,"href":"https:\/\/www.flcegos.pt\/web\/wp-json\/wp\/v2\/pages\/1774\/revisions"}],"predecessor-version":[{"id":5582,"href":"https:\/\/www.flcegos.pt\/web\/wp-json\/wp\/v2\/pages\/1774\/revisions\/5582"}],"wp:attachment":[{"href":"https:\/\/www.flcegos.pt\/web\/wp-json\/wp\/v2\/media?parent=1774"}],"curies":[{"name":"wp","href":"https:\/\/api.w.org\/{rel}","templated":true}]}}